{"id":1699,"date":"2012-08-19T14:48:53","date_gmt":"2012-08-19T14:48:53","guid":{"rendered":"http:\/\/jannemiettinen.fi\/wedding-blog\/blogi\/?page_id=1699"},"modified":"2025-09-05T11:12:09","modified_gmt":"2025-09-05T11:12:09","slug":"usein-kysyttya","status":"publish","type":"page","link":"https:\/\/jannemiettinen.fi\/wedding-blog\/blogi\/usein-kysyttya\/","title":{"rendered":"Usein kysytty\u00e4"},"content":{"rendered":"<p>T\u00e4ss\u00e4 osiossa on vastaukset useimmin kysyttyihin kysymyksiin.<\/p>\n<p>Kysymys: <strong><em>&#8220;Saammeko kuvista my\u00f6s mustavalkoisia versioita?&#8221;<\/em><\/strong><br \/>\nVastaus: Dokumentaarisista kuvista suurin osa on v\u00e4rillisi\u00e4, mutta mukana on my\u00f6s mustavalkoisia kuvia. Teen valinnan v\u00e4rillisyyden ja mustavalkoisuuden v\u00e4lill\u00e4 erikseen jokaisen kuvan kohdalla. K\u00e4sitellyist\u00e4 h\u00e4\u00e4potreteista saatte aina sek\u00e4 v\u00e4rilliset ett\u00e4 mustavalkoiset versiot.<\/p>\n<p>K: <strong><em>&#8220;H\u00e4it\u00e4mme vietet\u00e4\u00e4n muualla kuin p\u00e4\u00e4kaupunkiseudulla. Veloitatko matkakuluja?&#8221;<\/em><\/strong><br \/>\nV: P\u00e4\u00e4kaupunkiseudulla vietetyiss\u00e4 h\u00e4iss\u00e4 matkakulut sis\u00e4ltyv\u00e4t hintoihin. P\u00e4\u00e4kaupunkiseudun ulkopuolella vietetyist\u00e4 h\u00e4ist\u00e4 veloitan normaalit matkakulut. Kerron aina tarjouspyynn\u00f6n yhteydess\u00e4 matkakulujen summan.<\/p>\n<p>K: <em><strong>&#8220;Kuinka nopeasti saamme kuvat itsellemme h\u00e4iden j\u00e4lkeen?&#8221;<\/strong><\/em><br \/>\nV: Normaali toimitusaikataulu on noin 4-8 viikkoa h\u00e4ist\u00e4. Joissain tilanteissa, varausten m\u00e4\u00e4r\u00e4st\u00e4 riippuen, voi kuvien toimitus kest\u00e4\u00e4 t\u00e4t\u00e4 kauemmin.<\/p>\n<p>K:<em><strong> &#8220;Kuinka kauan h\u00e4\u00e4kuviemme nettigalleria on toiminnassa?&#8221;<\/strong><\/em><br \/>\nV: 6kk:n ajan siit\u00e4, kun saatte salasanan itsellenne. Muistakaa laittaa kiitoskorttien mukaan nettisivujeni osoite sek\u00e4 salasana, niin vieraanne p\u00e4\u00e4sev\u00e4t katselemaan h\u00e4iss\u00e4nne otettuja kuvia! Gallerian k\u00e4ytt\u00f6 on helppoa: laita osoitteeksi www.jannemiettinen.fi -&gt; suomenkielinen sivusto -&gt; salasana &#8216;Asiakasgalleriat&#8217;-osiosta l\u00f6ytyv\u00e4\u00e4n kohtaan, jolloin p\u00e4\u00e4see heti nettigalleriaan.<\/p>\n<p>K: <em><strong>&#8220;Saammeko teett\u00e4\u00e4 kuvistamme paperiversioita ja tauluja ilman eri veloitusta?&#8221;<\/strong><\/em><br \/>\nV: Kyll\u00e4 saatte. Sen j\u00e4lkeen kun saatte kuvat itsellenne DVD:ll\u00e4, niin voitte teett\u00e4\u00e4 niist\u00e4 kuvia ihan niin paljon kuin haluatte, ilman mit\u00e4\u00e4n rajoituksia.<\/p>\n<p>K: <em><strong>&#8220;Tuleeko kuviamme blogiisi tai nettisivuillesi?&#8221;<\/strong><\/em><br \/>\nV: Laitan osasta h\u00e4ist\u00e4 muutamia kuvia nettisivuilleni ja saatan my\u00f6s tehd\u00e4 niist\u00e4 blogimerkinn\u00e4n h\u00e4\u00e4blogiini.<\/p>\n<p>K: <em><strong>&#8220;Mill\u00e4 kameralla kuvaat?&#8221;<\/strong><\/em><br \/>\nV: Kuvaan Nikonin ammattitason digikameroilla, ja minulla on my\u00f6s aina varakamera mukanani vahinkojen varalta. Lis\u00e4ksi mukanani kulkee helposti liikuteltava valaistuskalusto, jotta saan parhaat mahdolliset kuvat kaikissa olosuhteissa.<\/p>\n<p>Jos et l\u00f6yt\u00e4nyt vastausta johonkin mielt\u00e4si askarruttavaan kysymykseen, l\u00e4het\u00e4 s\u00e4hk\u00f6postia: <strong>info@jannemiettinen.fi<\/strong>.<\/p>\n","protected":false},"excerpt":{"rendered":"<p>T\u00e4ss\u00e4 osiossa on vastaukset useimmin kysyttyihin kysymyksiin. Kysymys: &#8220;Saammeko kuvista my\u00f6s mustavalkoisia versioita?&#8221; Vastaus: Dokumentaarisista kuvista suurin osa on v\u00e4rillisi\u00e4, mutta mukana on my\u00f6s mustavalkoisia kuvia. Teen valinnan v\u00e4rillisyyden ja<\/p>\n<p class=\"more-link\"><a href=\"https:\/\/jannemiettinen.fi\/wedding-blog\/blogi\/usein-kysyttya\/\" class=\"readmore\">Continue reading<svg class=\"icon icon-arrow-right\" aria-hidden=\"true\" role=\"img\"> <use href=\"#icon-arrow-right\" xlink:href=\"#icon-arrow-right\"><\/use> <\/svg><span class=\"screen-reader-text\">Usein kysytty\u00e4<\/span><\/a><\/p>\n","protected":false},"author":1,"featured_media":0,"parent":0,"menu_order":0,"comment_status":"open","ping_status":"closed","template":"","meta":{"footnotes":""},"class_list":["post-1699","page","type-page","status-publish","hentry"],"_links":{"self":[{"href":"https:\/\/jannemiettinen.fi\/wedding-blog\/blogi\/wp-json\/wp\/v2\/pages\/1699","targetHints":{"allow":["GET"]}}],"collection":[{"href":"https:\/\/jannemiettinen.fi\/wedding-blog\/blogi\/wp-json\/wp\/v2\/pages"}],"about":[{"href":"https:\/\/jannemiettinen.fi\/wedding-blog\/blogi\/wp-json\/wp\/v2\/types\/page"}],"author":[{"embeddable":true,"href":"https:\/\/jannemiettinen.fi\/wedding-blog\/blogi\/wp-json\/wp\/v2\/users\/1"}],"replies":[{"embeddable":true,"href":"https:\/\/jannemiettinen.fi\/wedding-blog\/blogi\/wp-json\/wp\/v2\/comments?post=1699"}],"version-history":[{"count":1,"href":"https:\/\/jannemiettinen.fi\/wedding-blog\/blogi\/wp-json\/wp\/v2\/pages\/1699\/revisions"}],"predecessor-version":[{"id":4850,"href":"https:\/\/jannemiettinen.fi\/wedding-blog\/blogi\/wp-json\/wp\/v2\/pages\/1699\/revisions\/4850"}],"wp:attachment":[{"href":"https:\/\/jannemiettinen.fi\/wedding-blog\/blogi\/wp-json\/wp\/v2\/media?parent=1699"}],"curies":[{"name":"wp","href":"https:\/\/api.w.org\/{rel}","templated":true}]}}